est common factor of 33 and i.
33
Let h = -24 + 38. What is the greatest common factor of h and 14?
14
Suppose -5*v - 5*o - 10 = 0, 5*v - 3*o = 6*v + 12. Suppose b + 2 = v*b. Let a = -4 - -12. What is the highest common factor of a and b?
1
Let m be 857/5 - (-2)/(-5). Let c be (-10)/15*(-57)/2. What is the greatest common factor of m and c?
19
Let w be (8 - 5)*(-6)/(-2). Suppose -w + 23 = 2*m. What is the highest common factor of m and 49?
7
Let i be 2/4 - 6/(-4). Let d = i + -2. Suppose d = -2*b + 4 + 2. What is the greatest common factor of 15 and b?
3
Suppose 2*r + 4*h - 28 = 0, -2*r + 0 = -4*h + 4. Let b be (68/6)/(4/r). Calculate the highest common divisor of 187 and b.
17
Let y(r) = r - 6. Let u be y(6). Suppose 7*b - 5*j = 4*b + 170, 5*b - j - 320 = u. Let x be (-4 - -1)*(-26)/6. Calculate the greatest common divisor of b and x.
13
Let d(m) = m**3 - m**2 - 2*m - 4. Let n be d(3). What is the greatest common factor of n and 56?
8
Let n(g) = g**3 - 5*g**2 + 3*g - 3. Let w be n(5). Suppose -2*t = 5*k - w, -4*k = -5*t + 1 - 4. What is the greatest common factor of 10 and k?
2
Let n = 124 - 120. Let w be (4/(-3))/((-1)/9). What is the greatest common factor of n and w?
4
Let n(m) = -5*m - 6. Let k be n(-5). Let y be (1 + (-102)/10)*-40. Suppose 288 = 3*z + h, -4*z + 4*h + y = -0*h. What is the greatest common divisor of k and z?
19
Let r = 57 + -47. Calculate the highest common factor of 30 and r.
10
Let o be 2*(0 - 1/(-2)). Let w be ((-8)/(-10))/((-10)/125). Let m = w + 15. Calculate the highest common factor of m and o.
1
Suppose -2*r - 132 = 2*r. Let q be (r/(-6))/(3/36). Calculate the highest common divisor of q and 6.
6
Suppose 4*a = -3*b + 8*b - 63, a - 18 = -b. Calculate the highest common factor of b and 105.
15
Let i be 2079/84 - (-6)/(-8). What is the highest common factor of 6 and i?
6
Suppose -2 - 2 = -o. Suppose 3*r - 144 = -2*x, r - o*x - 30 = 4. Calculate the highest common factor of 115 and r.
23
Suppose v - 8 = -0. Let w = v - 5. What is the highest common factor of w and 15?
3
Let a(c) = -11*c - 41. Let g be a(-11). Calculate the highest common factor of 48 and g.
16
Let s be (-24)/(-56) + (-414)/(-14). Calculate the greatest common divisor of s and 3.
3
Suppose -2*v + 44 = 2*v. What is the greatest common divisor of 77 and v?
11
Suppose y - 1 - 4 = 0. Let i(h) = h - 4. Let s be i(7). Suppose -3*x - 41 = -3*o + x, 43 = s*o - 2*x. Calculate the highest common divisor of o and y.
5
Let r be (0 - (-45)/6) + 15/10. What is the highest common divisor of r and 6?
3
Let c = 298 - -10. Suppose -n = -34 + 6. What is the greatest common factor of c and n?
28
Suppose -4*l = l - 25. Let z = 8 - l. Let c be 2/5*(4 + 1). What is the greatest common divisor of c and z?
1
Suppose -3*q + 33 = 3*f, -2*q + 14 = -0*q + 4*f. Let x be (-24)/10*75/(-6). What is the greatest common factor of x and q?
15
Let i = 100 + -57. Calculate the greatest common divisor of 129 and i.
43
Let t(n) = n**2 - 4. Let i be t(-5). Calculate the greatest common factor of 168 and i.
21
Let v(j) = j**3 + 6*j**2 + 2*j + 3. Let g be v(-6). Let z(w) = 2*w + 5. Let u be z(-4). Let n be 9 - u*6/g. What is the highest common factor of n and 14?
7
Let o(z) = 10*z + 8. Let x be o(8). What is the greatest common factor of 11 and x?
11
Suppose -2*s - 28 = -n, -3*s = -2*n + 6 + 50. What is the highest common divisor of n and 14?
14
Let x = -6 - -6. Let b = x - 0. Let v be 98/1 - b/(-2). What is the greatest common factor of v and 14?
14
Suppose 5*j = 139 + 1. What is the greatest common factor of j and 224?
28
Let g = -47 + 48. Let s(z) = z**2 + 4*z + 4. Let d be s(-4). Suppose -5*y = u, 0 = d*u - 4*y - y - 25. What is the highest common factor of g and u?
1
Suppose -2*j - 15 = -3*n, -20 = -4*j + j - 4*n. Suppose 21 = l - j*l. What is the greatest common divisor of 105 and l?
21
Let a(n) = -2*n**3 - 4*n**2 - 6*n - 5. Let m be a(-5). Suppose 0*u + m = 5*u. What is the greatest common factor of u and 7?
7
Suppose 0 = -2*o + 2*b - 4 - 2, -2*o = 5*b - 22. Calculate the highest common factor of o and 7.
1
Suppose 0*j = 5*j - 60. Calculate the greatest common factor of 132 and j.
12
Suppose -31 = -4*s - 0*j - 3*j, 3*s - 4*j = -8. Suppose s*m = -2*r + r + 45, 5*m + 4*r = 48. Calculate the highest common factor of m and 6.
6
Suppose 2*g - 20 + 6 = 0. Let c be (0 - 1)/((-4)/84). What is the greatest common factor of g and c?
7
Let k be 0/(3*(-1)/(-3)). Suppose -3*f + 0*f + 39 = k. Suppose -m + 0 = -f. What is the highest common divisor of 52 and m?
13
Let w = 7 + -8. Let y be w/(-2) + 7/2. What is the highest common divisor of y and 1?
1
Let z(s) = s**3 + 10*s**2 + 8*s - 2. Let a be z(-9). Suppose 0 = 2*v - 4*y - 36, -4*v - 34 = -a*v + y. What is the greatest common factor of v and 50?
10
Let m = 15 + -10. Calculate the greatest common divisor of m and 50.
5
Let n = 270 - 94. Let k(f) = -f**3 + 8*f**2 - 7*f - 8. Let m be k(6). Calculate the highest common divisor of m and n.
22
Suppose 7 = -2*t + 5*r - 24, 47 = -4*t + 5*r. Let y be (t/(-32))/(2/8). Calculate the greatest common divisor of y and 2.
1
Let v = -7 - -10. Suppose 80 = -l + v*l. Calculate the highest common factor of 16 and l.
8
Suppose 2*j = -j - 450. Let h be 8/10*j/(-12). Calculate the greatest common divisor of h and 20.
10
Let t(r) = r + 5. Let v be t(-7). Let x(j) = -28*j. Let s be x(v). What is the highest common factor of 7 and s?
7
Let m = 184 + -63. Let y(z) = -z**3 - 5*z**2 - z + 6. Let l be y(-5). Calculate the greatest common factor of m and l.
11
Let x(b) = b**3 + 7*b**2 - 4*b + 2. Let q be x(-7). Calculate the highest common factor of 210 and q.
30
Let r = -9 + 13. Let u be (-130)/(-4) - 2/r. Let q be (-284)/(-6) + (-4)/(-6). What is the highest common divisor of u and q?
16
Let y be 20 + 4 + 9/(-3). What is the highest common divisor of 42 and y?
21
Suppose -m - 4 = -52. Calculate the greatest common divisor of 16 and m.
16
Let l = 122 + -92. What is the greatest common factor of 12 and l?
6
Let a = 2 + 2. Suppose 0 = 5*f + 4*m - 460, -4*f + a*m = 3*m - 347. Let s be 10/(-4)*(-16)/5. Calculate the greatest common factor of s and f.
8
Suppose 5*g - 57 = 98. Let j = -17 + g. Calculate the greatest common factor of j and 98.
14
Let i(f) = f**2 - 6*f + 12. Let p be i(10). What is the greatest common factor of 13 and p?
13
Let f(m) = 3*m**2 - 9*m - 2. Let o be f(12). What is the greatest common divisor of o and 14?
14
Let i = 8 - 3. Let f be (-54)/i*(-10)/3. Let s(t) = -9*t**3 + t**2 + t. Let u be s(-1). Calculate the highest common factor of u and f.
9
Let i(m) = m**3 - 9*m**2 + m - 6. Let d be i(9). Suppose d*g = -0*g + 42. What is the highest common factor of g and 126?
14
Suppose -4*h + 39 = i + 3, -5*i = -3*h - 88. Suppose -5*y - 5 = -i, -k = -y. What is the greatest common divisor of 9 and k?
3
Suppose -4*l = 38 - 230. What is the greatest common divisor of l and 384?
48
Let u(v) = -v**3 - 5*v**2 + v + 4. Let i be u(-5). Let b be (i - -4) + (-120)/(-5). Calculate the highest common factor of 9 and b.
9
Suppose 2*w - 2*n = 0, -3*w + 0*w - 2*n = 0. Suppose 3*m - 5 = 3*g - 2, 2*g = w. Calculate the greatest common divisor of 10 and m.
1
Let c(b) = b**3 + 7*b**2 - 9*b + 8. Let z be c(-8). Suppose 0 = 2*k - 5*q - 116, 4 + 4 = -2*q. Calculate the greatest common factor of k and z.
16
Suppose -5*i - 33 = -683. Suppose i + 22 = s. Let u = 40 - 21. Calculate the highest common factor of u and s.
19
Suppose 0*r = 2*r + 3*a - 10, r - 5*a = 31. Calculate the greatest common factor of r and 44.
11
Let d be 15 + 0 + -5 + 0 + 5. Let v be (-60)/(2/(-1 - 1)). Calculate the highest common divisor of v and d.
15
Let v be 496/10 + (-6)/(-15). Suppose i - 3 + 28 = 0. Let q = i - -35. Calculate the greatest common divisor of v and q.
10
Suppose 7*q - q - 192 = 0. Calculate the greatest common divisor of 8 and q.
8
Let p(j) = 7*j**2 + 7*j - 8*j**2 - 12 + 5*j. Let z be p(9). What is the greatest common factor of z and 6?
3
Let m be (-12964)/(-154) + (-2)/11. What is the highest common factor of 28 and m?
28
Let d = -24 + 35. Suppose -v - 2 = -d. What is the highest common divisor of 36 and v?
9
Let x = -31 + 51. Calculate the greatest common divisor of x and 10.
10
Let n = 106 - 56. Calculate the highest common factor of 20 and n